{"id":198,"date":"2023-01-07T17:04:55","date_gmt":"2023-01-07T17:04:55","guid":{"rendered":"https:\/\/coopreneur.top\/?page_id=198"},"modified":"2025-09-01T15:19:03","modified_gmt":"2025-09-01T14:19:03","slug":"mentor2mentor-app","status":"publish","type":"page","link":"https:\/\/coopreneur.no\/index.php\/mentor2mentor-app\/","title":{"rendered":"CareBank App"},"content":{"rendered":"<div class=\"wp-block-image\">\r\n<figure class=\"alignleft size-full is-resized\"><img loading=\"lazy\" decoding=\"async\" class=\"wp-image-382\" src=\"https:\/\/coopreneur.no\/wp-content\/uploads\/2023\/01\/mentor_step_up.jpg\" alt=\"\" width=\"327\" height=\"347\" \/><\/figure>\r\n<\/div>\r\n\r\n\r\n<p>Coopreneur har utviklet en timebanking app (&#8220;CareBank&#8221;). Denne er gratis tilgjengelig p\u00e5 Google Play og Apple Store, og er klar til \u00e5 brukes for eldre-hjelp, av skoler, for leksehjelp-initativ, foreninger, mm.<\/p>\r\n<p dir=\"ltr\">a) Innenfor en skole sammenheng betyr dette at elever kan be om hjelp fra andre (eldre) elever innenfor et brukerspesifisert fag. I appen har hver skole en utpekt \u00abl\u00e6reradministrator\u00bb som har ansvar for \u00e5 sikre at bare elever fra skolen kan bli med og er eldre enn en avtalt alder. Administratoren bekrefter ogs\u00e5 poeng transaksjonene.<\/p>\r\n<p dir=\"ltr\">b) Innenfor en ikke-skole sammenheng finnes det ingen slik administrator.<\/p>\r\n<p dir=\"ltr\">c) Innenfor en eldreomsorgs sammenheng gir yngre pensjonister hjelp til eldre pensjonister, og samler dermed poeng. Disse poengene kan deretter innl\u00f8ses senere i livet n\u00e5r de selv trenger hjelp. Det antas at alle deltakerne er mentalt i stand til det, og at lokale myndigheter st\u00f8tter ordningen. Dette er inspirert av vellykkede modeller som Sveits&#8217; Zeitvorsorge, Japans Fureai Kippu og S\u00f8r-Koreas kommunale tidsbanksystemer, n\u00e6rmere beskrevet nedenfor:<\/p>\r\n<p>Tidsbank for Eldrehjelp, etter modell fra Sveits:<\/p>\r\n<p><a href=\"https:\/\/www.drivagder.no\/\">Driv Agder<\/a> har tidligere st\u00f8ttet ideen om \u00e5 bruke infrastrukturen fra en elev til elev- mentoring app til en Tidsbank som illustrert nedenfor. Undertegnede lodder n\u00e5 interessen for en tilpasning til eldrehjelp og bruk i Norge.<\/p>\r\n<p>Hva er en tidsbank?<\/p>\r\n<p>Tenk deg en vanlig bank. Du jobber og tjener penger som du setter inn p\u00e5 din personlige konto for \u00e5 spare. En \u2018tidsbank\u2019 er lik, bortsett fra at penger er byttet ut med timer. Alts\u00e5: for hver time du jobber, tjener du 1 time som du setter inn og sparer p\u00e5 din tidskonto. Dette er timer som du senere selv kan bruke som betaling for tjenester fra andre.\u00a0<\/p>\r\n<p><img loading=\"lazy\" decoding=\"async\" class=\" wp-image-2352 aligncenter\" src=\"https:\/\/coopreneur.no\/wp-content\/uploads\/2025\/08\/Give-care-300x111.png\" alt=\"\" width=\"432\" height=\"160\" srcset=\"https:\/\/coopreneur.no\/wp-content\/uploads\/2025\/08\/Give-care-300x111.png 300w, https:\/\/coopreneur.no\/wp-content\/uploads\/2025\/08\/Give-care-1024x380.png 1024w, https:\/\/coopreneur.no\/wp-content\/uploads\/2025\/08\/Give-care-768x285.png 768w, https:\/\/coopreneur.no\/wp-content\/uploads\/2025\/08\/Give-care.png 1175w\" sizes=\"auto, (max-width: 432px) 100vw, 432px\" \/><\/p>\r\n<p>Dette inneb\u00e6rer gjerne et samarbeid mellom kommune og frivillighetsapperatet (og\/eller godt organiserte nabolags\/velforeninger) etter en modell benyttet bl.a. i Sveits:<\/p>\r\n<p><em>Byen<\/em>\u00a0<em>St. Gallen i Sveits har i et ti\u00e5r brukt en \u2018Tidsbank-modell\u2019 som -et supplement til- og\u00a0 &#8211;<strong>avlastning av<\/strong>&#8211; helsevesenet, spesielt mht. eldrehjelp. I Japan, som systemet stammer fra, blir de \u00f8konomiske besparelsene ansett som betydelige, mens administrasjonen av systemet<\/em>\u00a0<em>i Sveits sies \u00e5 finansiere seg selv allerede ved at \u00ab5 eldre kommer p\u00e5 sykehjem ett \u00e5r senere\u00bb.<\/em><\/p>\r\n<p><em>St. Gallen har valgt \u00e5 \u00e5 mobilisere godt voksne (50+) for eldrehjelp. Dette er frivillige, men som samtidig opparbeider kreditt som kan brukes for \u00e5 dekke opp egne omsorgsbehov senere i livet. <\/em><\/p>\r\n<p>Nedenfor gis en punktvis oppsummering som kan tjene til \u00e5 fremme politisk debatt om temaet.<\/p>\r\n<p><strong>Tidsbank for Eldreomsorg: Politisk Notat<\/strong><\/p>\r\n<ol>\r\n<li><u>\u00a0Den demografiske virkeligheten<\/u><\/li>\r\n<\/ol>\r\n<ul>\r\n<li><em>\u00a0<\/em><em>Kritisk milep\u00e6l: I 2031 vil Norge ha flere personer over 65 \u00e5r enn unge (0\u201319 \u00e5r).<\/em><em>\u00a0<\/em><\/li>\r\n<li><em>Arbeidskraftutfordring: En av tre i arbeidsf\u00f8r alder m\u00e5 jobbe innen helse fram mot 2060 \u2013 en umulig ligning for de fleste kommuner.<\/em><\/li>\r\n<li><em>Dette er ikke et politisk valg, men en demografisk realitet som ingen offentlig pengebruk kan l\u00f8se alene.<\/em><\/li>\r\n<\/ul>\r\n<p>\u00a0 \u00a0 2.\u00a0 <u>Det Virkelige Valget: B\u00e6rekraftig Omsorg vs. Nedbygging<\/u><\/p>\r\n<p>Uten borgerdeltakelse st\u00e5r vi uunng\u00e5elig overfor:<\/p>\r\n<ul>\r\n<li>behovspr\u00f8ving, eller<\/li>\r\n<li>servicerasjonering<\/li>\r\n<\/ul>\r\n<p>Tidsbanken bevarer universell tilgang til omsorg\u00a0samtidig som den sikrer system-b\u00e6rekraft.<\/p>\r\n<p>\u00a0 \u00a03.\u00a0 <span style=\"text-decoration: underline;\">U<\/span><u>tvikling, Ikke Nedbygging av Velferdsstaten<\/u><\/p>\r\n<p>Dette handler ikke om \u00e5 bygge ned velferdsstaten, men om \u00e5 utvikle den. Profesjonelle tjenester opprettholdes for spesialiserte medisinske behov. Tidsbanken h\u00e5ndterer sosial st\u00f8tte og oppgaver som ikke krever faglig medisinsk ekspertise.<\/p>\r\n<p>Staten opprettholder tilsyn og kvalitetsstandarder samtidig som omsorgskapasiteten utvides. Staten s\u00f8rger for forsikringsordning for frivillige (som i S\u00f8r-Korea) og garanti for kompensasjon dersom systemet skulle svikte (som i Sveits).<\/p>\r\n<p>\u00a0 \u00a04.\u00a0 <u>Verdsettelse, Ikke Utnyttelse<\/u><\/p>\r\n<p>Frivillige tjener opp konkrete rettigheter til fremtidig omsorg. Den livslange kompetansen til \u2018godt voksne frivillige\u2019 g\u00e5r ikke til spille, men fortsetter \u00e5 komme samfunnet til gode.\u00a0<\/p>\r\n<p>\u00a0 5. <u>Styrking av Demokrati og Lokalsamfunn <\/u><\/p>\r\n<p>Aktivt medborgerskap: Tidsbanken gj\u00f8r borgere til aktive bidragsytere til velferd for sitt lokalsamfunn. Det skaper solidaritet mellom generasjoner og sosialt samhold.<\/p>\r\n<p>\u00a0 6. <u>Bedre Omsorgskvalitet<\/u><\/p>\r\n<p>Beskytter kjerneoppgavene i helsevesenet: Ved at rutineoppgaver h\u00e5ndteres gjennom tidsbanken, kan profesjonelle helsearbeidere fokusere p\u00e5 medisinske behov som krever deres ekspertise. Personlig omsorg: Borgere kjenner naboenes preferanser, rutiner og behov bedre enn roterende profesjonelt personale. Forebyggende tiln\u00e6rming fanger opp problemer tidlig og reduserer dyre kriseintervensjoner.<\/p>\r\n<p>\u00a0 7. <u>Internasjonal Dokumentasjon.<\/u><\/p>\r\n<p>Tidsbanksystemer har i mange \u00e5r v\u00e6rt implementert i Japan, S\u00f8r-Korea og Sveits.\u00a0<\/p>\r\n<p>\u00a0 8. <u>\u00d8konomiske Fordeler<\/u><\/p>\r\n<p>Betydelige offentlige kostnadsbesparelser uten \u00e5 redusere omsorgskvaliteten. Reduserer press p\u00e5 profesjonelle helsearbeidere. Bidrar til \u00e5 sikre velferdssystemets \u00f8konomiske b\u00e6rekraft.<\/p>\r\n<p>\u00a09.\u00a0 <u>Veien Videre<\/u><em>\u00a0<\/em><\/p>\r\n<p>Tidsbanken for eldreomsorg representerer en gjennomtenkt tilpassning av velferdsstaten til demografiske realiteter. En protototype app er n\u00e5 gratis tilgjenglig p\u00e5 apple og android-plattformene (scroll helt ned p\u00e5 websiden <a href=\"https:\/\/carebank.no\/\">https:\/\/carebank.no\/<\/a>). Om du \u00f8nsker \u00e5 pr\u00f8ve ut systemet s\u00e5 kan du registrere deg. For en eldre-hjelps demo, velg \u00e5 tilh\u00f8re gruppe \u201cDemo CareBank\u201d. Dette er en demo gruppe og du kan gj\u00f8re hva du vil uten \u00e5 \u201c\u00f8delegge\u201d noe!<\/p>\r\n<p>&nbsp;<\/p>\r\n<p>Se detaljer og illustrasjoner p\u00e5 <a href=\"https:\/\/carebank.no\/\" target=\"_blank\" rel=\"noopener\">appens webside p\u00e5 carebank.no<\/a>.<\/p>\r\n<p>Appen er ogs\u00e5 tilgjengelig p\u00e5 web: <a href=\"https:\/\/app.carebank.no\" target=\"_blank\" rel=\"noopener\">app.carebank.no<\/a>\u00a0.<\/p>\r\n","protected":false},"excerpt":{"rendered":"<p>Coopreneur har utviklet en timebanking app (&#8220;CareBank&#8221;). Denne er gratis tilgjengelig p\u00e5 Google Play og Apple Store, og er klar til \u00e5 brukes for eldre-hjelp, av skoler, for leksehjelp-initativ, foreninger, mm. a) Innenfor en skole sammenheng betyr dette at elever kan be om hjelp fra andre (eldre) elever innenfor et brukerspesifisert fag. I appen har [&hellip;]<\/p>\n","protected":false},"author":1,"featured_media":0,"parent":0,"menu_order":0,"comment_status":"closed","ping_status":"closed","template":"","meta":{"footnotes":""},"class_list":["post-198","page","type-page","status-publish","hentry"],"yoast_head":"<!-- This site is optimized with the Yoast SEO plugin v24.7 - https:\/\/yoast.com\/wordpress\/plugins\/seo\/ -->\n<title>CareBank App - Coopreneur<\/title>\n<meta name=\"robots\" content=\"index, follow, max-snippet:-1, max-image-preview:large, max-video-preview:-1\" \/>\n<link rel=\"canonical\" href=\"https:\/\/coopreneur.no\/index.php\/mentor2mentor-app\/\" \/>\n<meta property=\"og:locale\" content=\"en_GB\" \/>\n<meta property=\"og:type\" content=\"article\" \/>\n<meta property=\"og:title\" content=\"CareBank App - Coopreneur\" \/>\n<meta property=\"og:description\" content=\"Coopreneur har utviklet en timebanking app (&#8220;CareBank&#8221;). Denne er gratis tilgjengelig p\u00e5 Google Play og Apple Store, og er klar til \u00e5 brukes for eldre-hjelp, av skoler, for leksehjelp-initativ, foreninger, mm. a) Innenfor en skole sammenheng betyr dette at elever kan be om hjelp fra andre (eldre) elever innenfor et brukerspesifisert fag. I appen har [&hellip;]\" \/>\n<meta property=\"og:url\" content=\"https:\/\/coopreneur.no\/index.php\/mentor2mentor-app\/\" \/>\n<meta property=\"og:site_name\" content=\"Coopreneur\" \/>\n<meta property=\"article:modified_time\" content=\"2025-09-01T14:19:03+00:00\" \/>\n<meta name=\"twitter:card\" content=\"summary_large_image\" \/>\n<meta name=\"twitter:label1\" content=\"Estimated reading time\" \/>\n\t<meta name=\"twitter:data1\" content=\"4 minutes\" \/>\n<script type=\"application\/ld+json\" class=\"yoast-schema-graph\">{\"@context\":\"https:\/\/schema.org\",\"@graph\":[{\"@type\":\"WebPage\",\"@id\":\"https:\/\/coopreneur.no\/index.php\/mentor2mentor-app\/\",\"url\":\"https:\/\/coopreneur.no\/index.php\/mentor2mentor-app\/\",\"name\":\"CareBank App - Coopreneur\",\"isPartOf\":{\"@id\":\"https:\/\/coopreneur.no\/#website\"},\"primaryImageOfPage\":{\"@id\":\"https:\/\/coopreneur.no\/index.php\/mentor2mentor-app\/#primaryimage\"},\"image\":{\"@id\":\"https:\/\/coopreneur.no\/index.php\/mentor2mentor-app\/#primaryimage\"},\"thumbnailUrl\":\"https:\/\/coopreneur.no\/wp-content\/uploads\/2023\/01\/mentor_step_up.jpg\",\"datePublished\":\"2023-01-07T17:04:55+00:00\",\"dateModified\":\"2025-09-01T14:19:03+00:00\",\"breadcrumb\":{\"@id\":\"https:\/\/coopreneur.no\/index.php\/mentor2mentor-app\/#breadcrumb\"},\"inLanguage\":\"en-GB\",\"potentialAction\":[{\"@type\":\"ReadAction\",\"target\":[\"https:\/\/coopreneur.no\/index.php\/mentor2mentor-app\/\"]}]},{\"@type\":\"ImageObject\",\"inLanguage\":\"en-GB\",\"@id\":\"https:\/\/coopreneur.no\/index.php\/mentor2mentor-app\/#primaryimage\",\"url\":\"\",\"contentUrl\":\"\"},{\"@type\":\"BreadcrumbList\",\"@id\":\"https:\/\/coopreneur.no\/index.php\/mentor2mentor-app\/#breadcrumb\",\"itemListElement\":[{\"@type\":\"ListItem\",\"position\":1,\"name\":\"Home\",\"item\":\"https:\/\/coopreneur.no\/\"},{\"@type\":\"ListItem\",\"position\":2,\"name\":\"CareBank App\"}]},{\"@type\":\"WebSite\",\"@id\":\"https:\/\/coopreneur.no\/#website\",\"url\":\"https:\/\/coopreneur.no\/\",\"name\":\"Coopreneur\",\"description\":\"Cooperative Social Entrepreneurship\",\"publisher\":{\"@id\":\"https:\/\/coopreneur.no\/#organization\"},\"potentialAction\":[{\"@type\":\"SearchAction\",\"target\":{\"@type\":\"EntryPoint\",\"urlTemplate\":\"https:\/\/coopreneur.no\/?s={search_term_string}\"},\"query-input\":{\"@type\":\"PropertyValueSpecification\",\"valueRequired\":true,\"valueName\":\"search_term_string\"}}],\"inLanguage\":\"en-GB\"},{\"@type\":\"Organization\",\"@id\":\"https:\/\/coopreneur.no\/#organization\",\"name\":\"Coopreneur\",\"url\":\"https:\/\/coopreneur.no\/\",\"logo\":{\"@type\":\"ImageObject\",\"inLanguage\":\"en-GB\",\"@id\":\"https:\/\/coopreneur.no\/#\/schema\/logo\/image\/\",\"url\":\"https:\/\/coopreneur.no\/wp-content\/uploads\/2023\/01\/cropped-ic_launcher2-playstore.png\",\"contentUrl\":\"https:\/\/coopreneur.no\/wp-content\/uploads\/2023\/01\/cropped-ic_launcher2-playstore.png\",\"width\":512,\"height\":512,\"caption\":\"Coopreneur\"},\"image\":{\"@id\":\"https:\/\/coopreneur.no\/#\/schema\/logo\/image\/\"}}]}<\/script>\n<!-- \/ Yoast SEO plugin. -->","yoast_head_json":{"title":"CareBank App - Coopreneur","robots":{"index":"index","follow":"follow","max-snippet":"max-snippet:-1","max-image-preview":"max-image-preview:large","max-video-preview":"max-video-preview:-1"},"canonical":"https:\/\/coopreneur.no\/index.php\/mentor2mentor-app\/","og_locale":"en_GB","og_type":"article","og_title":"CareBank App - Coopreneur","og_description":"Coopreneur har utviklet en timebanking app (&#8220;CareBank&#8221;). Denne er gratis tilgjengelig p\u00e5 Google Play og Apple Store, og er klar til \u00e5 brukes for eldre-hjelp, av skoler, for leksehjelp-initativ, foreninger, mm. a) Innenfor en skole sammenheng betyr dette at elever kan be om hjelp fra andre (eldre) elever innenfor et brukerspesifisert fag. I appen har [&hellip;]","og_url":"https:\/\/coopreneur.no\/index.php\/mentor2mentor-app\/","og_site_name":"Coopreneur","article_modified_time":"2025-09-01T14:19:03+00:00","twitter_card":"summary_large_image","twitter_misc":{"Estimated reading time":"4 minutes"},"schema":{"@context":"https:\/\/schema.org","@graph":[{"@type":"WebPage","@id":"https:\/\/coopreneur.no\/index.php\/mentor2mentor-app\/","url":"https:\/\/coopreneur.no\/index.php\/mentor2mentor-app\/","name":"CareBank App - Coopreneur","isPartOf":{"@id":"https:\/\/coopreneur.no\/#website"},"primaryImageOfPage":{"@id":"https:\/\/coopreneur.no\/index.php\/mentor2mentor-app\/#primaryimage"},"image":{"@id":"https:\/\/coopreneur.no\/index.php\/mentor2mentor-app\/#primaryimage"},"thumbnailUrl":"https:\/\/coopreneur.no\/wp-content\/uploads\/2023\/01\/mentor_step_up.jpg","datePublished":"2023-01-07T17:04:55+00:00","dateModified":"2025-09-01T14:19:03+00:00","breadcrumb":{"@id":"https:\/\/coopreneur.no\/index.php\/mentor2mentor-app\/#breadcrumb"},"inLanguage":"en-GB","potentialAction":[{"@type":"ReadAction","target":["https:\/\/coopreneur.no\/index.php\/mentor2mentor-app\/"]}]},{"@type":"ImageObject","inLanguage":"en-GB","@id":"https:\/\/coopreneur.no\/index.php\/mentor2mentor-app\/#primaryimage","url":"","contentUrl":""},{"@type":"BreadcrumbList","@id":"https:\/\/coopreneur.no\/index.php\/mentor2mentor-app\/#breadcrumb","itemListElement":[{"@type":"ListItem","position":1,"name":"Home","item":"https:\/\/coopreneur.no\/"},{"@type":"ListItem","position":2,"name":"CareBank App"}]},{"@type":"WebSite","@id":"https:\/\/coopreneur.no\/#website","url":"https:\/\/coopreneur.no\/","name":"Coopreneur","description":"Cooperative Social Entrepreneurship","publisher":{"@id":"https:\/\/coopreneur.no\/#organization"},"potentialAction":[{"@type":"SearchAction","target":{"@type":"EntryPoint","urlTemplate":"https:\/\/coopreneur.no\/?s={search_term_string}"},"query-input":{"@type":"PropertyValueSpecification","valueRequired":true,"valueName":"search_term_string"}}],"inLanguage":"en-GB"},{"@type":"Organization","@id":"https:\/\/coopreneur.no\/#organization","name":"Coopreneur","url":"https:\/\/coopreneur.no\/","logo":{"@type":"ImageObject","inLanguage":"en-GB","@id":"https:\/\/coopreneur.no\/#\/schema\/logo\/image\/","url":"https:\/\/coopreneur.no\/wp-content\/uploads\/2023\/01\/cropped-ic_launcher2-playstore.png","contentUrl":"https:\/\/coopreneur.no\/wp-content\/uploads\/2023\/01\/cropped-ic_launcher2-playstore.png","width":512,"height":512,"caption":"Coopreneur"},"image":{"@id":"https:\/\/coopreneur.no\/#\/schema\/logo\/image\/"}}]}},"_links":{"self":[{"href":"https:\/\/coopreneur.no\/index.php\/wp-json\/wp\/v2\/pages\/198","targetHints":{"allow":["GET"]}}],"collection":[{"href":"https:\/\/coopreneur.no\/index.php\/wp-json\/wp\/v2\/pages"}],"about":[{"href":"https:\/\/coopreneur.no\/index.php\/wp-json\/wp\/v2\/types\/page"}],"author":[{"embeddable":true,"href":"https:\/\/coopreneur.no\/index.php\/wp-json\/wp\/v2\/users\/1"}],"replies":[{"embeddable":true,"href":"https:\/\/coopreneur.no\/index.php\/wp-json\/wp\/v2\/comments?post=198"}],"version-history":[{"count":20,"href":"https:\/\/coopreneur.no\/index.php\/wp-json\/wp\/v2\/pages\/198\/revisions"}],"predecessor-version":[{"id":2362,"href":"https:\/\/coopreneur.no\/index.php\/wp-json\/wp\/v2\/pages\/198\/revisions\/2362"}],"wp:attachment":[{"href":"https:\/\/coopreneur.no\/index.php\/wp-json\/wp\/v2\/media?parent=198"}],"curies":[{"name":"wp","href":"https:\/\/api.w.org\/{rel}","templated":true}]}}